 -27 - -15. Give b(c).
2
Let d(f) = 5. Let j(t) = 3. Let g(u) = 4*d(u) - 7*j(u). Let c(v) be the second derivative of -v**3/6 - v**2 - 3*v. Let n(m) = c(m) - 6*g(m). Calculate n(2).
2
Let u(a) = -25 - 39 + 2*a + 55 - a**2 + 11. Let q = 0 - -2. Let p = q - -1. Calculate u(p).
-1
Let h(k) = k + 1. Let d(g) = g**2 + 4*g - 2. Suppose w = 4*w - 3. Let c(j) = w*d(j) + 3*h(j). Determine c(-6).
-5
Let j = -46 - -66. Suppose 16*c - 20 = j*c. Let z(l) = l - 4. Calculate z(c).
-9
Let v(q) be the third derivative of q**6/120 - q**5/15 - 7*q**4/24 + 5*q**3/6 + 16*q**2 + 7*q. Suppose 2*a + 20 = 6*a. Calculate v(a).
-5
Let g(v) = v**3 - v + 4. Let m = -37 + 33. Let x = m + 4. Give g(x).
4
Let h(k) = -2*k**3 - 4*k**2 - 2*k + 2. Let i(s) = s**2 - 45*s + 257. Let c be i(6). Suppose 0 = 4*v + 75 + 25. Let q = v + c. Give h(q).
6
Let p(n) = -3*n + 5. Suppose 3*u - 50 = -7*u. Calculate p(u).
-10
Let x(i) = -2*i + 6. Let g be x(4). Let d(p) be the first derivative of p**3/3 + 2*p**2 + 3*p - 72. Determine d(g).
-1
Let f(g) = g**3 - 2*g - 1. Let z be f(-1). Let w(x) = -7 + 94*x**2 - 186*x**2 + 93*x**2 + 3*x**3 + 0*x**3 - 2*x**3. Give w(z).
-7
Let x = 34 - 47. Let a(y) = -7*y**2 + 5*y + 4. Let z(b) = 15*b**2 - 11*b - 9. Let p(s) = x*a(s) - 6*z(s). Let c be -1 + (1/1)/(-1). Give p(c).
4
Suppose 7*l - 21 - 63 = 0. Let f be (-4)/l*-5*3. Let t(y) = 3 - f + 0 - 5*y. What is t(-2)?
8
Let v(r) = -r**3 + 3*r**2 - 1. Let g be v(2). Let x(q) be the second derivative of q**5/20 - q**4/4 - q**3/6 - q**2/2 - 7*q - 4. Calculate x(g).
-4
Let t(b) = b**2 + 8*b - 1. Let i(n) = n - 3. Let d be i(6). Suppose -d*f = 2*f + 35. Determine t(f).
-8
Let b = -515 + 512. Let q(s) = -14*s - 7. Let t(v) = -7*v - 3. Let c(w) = 6*q(w) - 13*t(w). What is c(b)?
-24
Let a be (-23)/(-3) + (-2)/(-6). Let z(b) be the first derivative of b**3/3 - 7*b**2/2 - 8*b - 338. Calculate z(a).
0
Let c(n) be the third derivative of 0*n - 1/60*n**5 + 0 - 1/24*n**4 - 10*n**2 - 1/6*n**3. Calculate c(-2).
-3
Let h(j) = 0*j**2 + 13*j + 3*j**2 + 5 - 2. Let f(v) = -2*v**2 - 7*v - 2. Let c be 38/(-12) - ((-5)/(-6) - 1). Let s(u) = c*h(u) - 5*f(u). Give s(5).
6
Let k(x) = -11*x**2 - 4*x + 4. Let r(m) = 2*m**2 + 2*m + 2. Let b(q) = -k(q) - 6*r(q). Give b(-5).
-1
Suppose -24*j + 29*j + 70 = 0. Let w(k) = -k**2 - 14*k + 11. Give w(j).
11
Let n(f) = 5*f**3 + 9*f**2 + 3*f - 3. Let u(m) = -4*m**3 - 7*m**2 - 3*m + 2. Let q(p) = 5*n(p) + 6*u(p). Give q(-3).
6
Let r(z) = 2*z**2 - 2*z - 1. Let k = -248 - -247. What is r(k)?
3
Let f(r) be the first derivative of r**3/3 - 3*r**2 + 6*r + 573. What is f(4)?
-2
Let n(o) = -o**3 + 25*o**2 - 26*o + 44. Let m(c) = 27*c**2 + c - 2. Let k be m(-1). Determine n(k).
-4
Let r(s) be the third derivative of -11*s**2 + 1/6*s**3 + 1/4*s**4 + 0 + 1/60*s**5 + 0*s. Calculate r(-6).
1
Let k(q) = -2*q + 7. Suppose -5*i + 0*i - 15 = 0, 5*g + 3*i = -9. Suppose -3*b + 18 = -g*b. Calculate k(b).
-5
Let j(i) = -i - 5. Suppose -x = 2*v - 0*v - 6, 2*x = -3*v + 7. Calculate j(x).
-1
Let r(p) be the first derivative of p**3/3 - 3*p**2/2 + p + 34. Let y(z) = -z + 3. Let d(t) = -t - 3. Let j be d(-5). Let l be y(j). Calculate r(l).
-1
Let i(n) be the first derivative of n**4/4 - 5*n**3/3 - n**2/2 + n + 1. Let a(m) = 5*m + 11. Let v be a(11). Let t = 71 - v. Give i(t).
-4
Let p(n) = -5011 - 3*n + n + 2*n**2 + 5012. Suppose 4 = 2*y - 2. Calculate p(y).
13
Let i(z) be the first derivative of -3*z**2/2 + 16*z + 75. What is i(5)?
1
Let l(c) = c**3 + c**2 + 2*c + 32. Let g be l(0). Suppose -z = g - 35. Let s(v) = 2*v**2 - v - 3. Calculate s(z).
12
Let h(q) = 7*q - 1. Let o = 5 + 7. Suppose -i + 5*i - o = 0. Determine h(i).
20
Let m(y) = -39*y - 45*y + y**3 - 5 + 132*y - 45*y - 5*y**2. What is m(5)?
10
Let u(m) = m**3 - 9*m**2 - 5*m - 1. Let p be -18*(11 - 46/4). What is u(p)?
-46
Let j(v) = -2*v - 11. Let a(c) = c + 4. Let q(x) = 7*a(x) + 3*j(x). Determine q(7).
2
Let k(a) = -23*a + 70. Let t(v) = -95*v + 285. Let q(b) = -25*k(b) + 6*t(b). Determine q(8).
0
Let z = 6 - 4. Let x(o) = -5*o - o**z - 3*o + 4*o. Let c be 4/6*2*-3. Determine x(c).
0
Let z(l) be the second derivative of -2*l**3/3 + 9*l**2/2 + 79*l. What is z(8)?
-23
Let a(x) = -8*x**3 + 9*x**2 - 13*x**3 - 13*x - 12*x**3 + 0 - 1 + 32*x**3. Give a(7).
6
Let w(v) = -3*v**2 + 3. Let c(r) = -r**2 - 1. Let y(k) = 4*k**2 + k + 6. Let m(d) = 5*c(d) + y(d). Let b(o) = 2*m(o) - w(o). Determine b(-3).
2
Let r be 342/81 + (-2)/9. Suppose 2*n + 4 = -r*q, 0*q + q + 7 = n. Suppose 6 + n = a - 2*u, -12 = 3*u. Let m(b) = 3*b**2 - 4*b + 3. Give m(a).
7
Let w(h) = 6*h + 1. Let u = 4 - 46. Let f = -41 - u. Give w(f).
7
Let y(i) = -2*i + 54 - 145 - i + 40 + 61. What is y(8)?
-14
Let z(k) = k**2 - 8*k + 3. Let v be z(8). Let o(m) be the second derivative of m**4/6 + m**3/6 - m**2/2 + 121*m. What is o(v)?
20
Let l(m) = 5*m**3 - 3*m**2 - 3*m - 11. Let n(j) = 14*j**3 - 9*j**2 - 9*j - 32. Let f(t) = 17*l(t) - 6*n(t). What is f(-2)?
3
Suppose 0 = -2*c - 5*b - 10, -3*c = b - 2*b - 2. Let z(x) = -2*x**2 - 17*x + 3. Let j(l) = 3*l**2 + 24*l - 5. Let f(i) = -5*j(i) - 7*z(i). Calculate f(c).
4
Suppose h - 5*r - 11 = 19, 5*h + 3*r - 10 = 0. Let d(s) = -s + 5 + 0*s + 2. What is d(h)?
2
Let d(k) = -2*k**2 + 22*k - 24. Let m be d(10). Let u(r) = 3*r**2 + 11*r + 6. What is u(m)?
10
Let i be 4/8 + 18/12. Let m(a) = -7*a**2 + 10*a**2 + i*a**2 + 2*a - a**3 + 0*a**3. Give m(5).
10
Let r(q) = -10*q - 7. Let v be (-200)/15 - ((-6)/(-9) + -1). Let w(b) = -21*b - 15. Let l(k) = v*r(k) + 6*w(k). Determine l(-2).
-7
Let h(c) = c. Let i(m) = -2*m + 6. Suppose -k + 18 = -4*j, 2*j = 4*j - 3*k + 14. Let y(f) = j*h(f) - i(f). Determine y(-6).
6
Let x(s) = s**3 - 4*s**2 + 3*s - 2. Let a(c) = -5*c**3 + 16*c**2 - 11*c + 7. Let g = -53 + 62. Let f(d) = g*x(d) + 2*a(d). Give f(-5).
-4
Suppose 18*i = 29 + 61. Let r(o) = 6*o + 5. Calculate r(i).
35
Let c(t) = t - 1. Let k(x) be the first derivative of 2*x**2 - 3*x + 6. Let f(u) = -2*c(u) + k(u). Suppose -3*z = -o + 7, 0*o + 5*o + 13 = 3*z. Calculate f(o).
-11
Let f(u) = u**2 + 10*u + 4. Let a(i) = -i**3 + 29*i**2 - 28*i - 4. Let p be a(28). Give f(p).
-20
Let p(l) be the second derivative of l**6/720 - 13*l**5/120 - 19*l**4/12 + 30*l. Let r(s) be the third derivative of p(s). Determine r(6).
-7
Suppose 5*c - 5*v = 90, -77 = -9*c + 5*c + 5*v. Let y(o) = -19*o - c*o + 14*o. Determine y(-1).
18
Let o(i) = 2 - 2*i + 14*i**2 + 9*i - 15*i**2. Determine o(5).
12
Let w(c) be the first derivative of -c**3/3 + 3*c**2/2 + 9*c + 19. Let f(t) = t**2 - 3*t - 8. Let k(p) = 5*f(p) + 4*w(p). Determine k(5).
6
Let w(i) be the second derivative of -i**4/12 + i**3/6 - i**2/2 - 48*i - 2. Determine w(-4).
-21
Let g(h) = 4*h**3 + 2*h**2 - 2*h. Let f(m) = 2*m - 12. Suppose -4*r + 10 = -2*x, 3*x + 2*r + 0*r - 25 = 0. Let l be f(x). What is g(l)?
-20
Let p be 2352/(-238) + 8/(-68). Let d(u) = -u**2 - 10*u + 18. What is d(p)?
18
Let s(v) = -5*v**3 + v - 2. Let a(q) = 5*q**3 - q + 2. Let y(b) = 2*a(b) + 3*s(b). Determine y(-2).
36
Let n(x) be the third derivative of -2/3*x**3 + 0*x + 1/30*x**5 - x**2 + 0*x**4 + 0. What is n(-3)?
14
Let v(s) = s**3 - 8*s**2 - 9*s + 4. Let j be v(9). Let a(t) = -93*t + 89*t + 4*t**2 - 3*t**2. Determine a(j).
0
Let g(p) be the second derivative of p**3/3 - 8*p**2 + 5*p. Calculate g(12).
8
Let w(p) be the second derivative of p**4/24 + p**3/6 - 9*p**2 + 11*p. Let k(v) be the first derivative of w(v). Calculate k(-8).
-7
Let o(r) = r**3 + r - 1. Let u(y) = -3*y**3 - 2*y**2 - 6*y + 4. Let d(x) = -4*o(x) - u(x). What is d(-2)?
12
Let q be (1/(-1))/((-1)/6). Let l(z) = -z**2 - 4*z + 1. Let u(d) = -d**3 + 13*d**2 + 19*d - 9. Let h(n) = -6*l(n) - u(n). Calculate h(q).
-3
Let y(n) = 2 + n - 3*n - 5. Let g = 22 + -17. Let q = g - 8. Calculate y(q).
3
Suppose 32 = -30*q + 14*q. Let b(v) = 3*v**2 - 2*v. Give b(q).
16
Suppose 5*q - 6 = s, -8*s = 3*q - 3*s - 26. Let r = -182 - -184. Let m(o) = 3*o**3 - 2*o**3 - r + 2*o**2 - o**q. Calculate m(-2).
-6
Let k(w) be the third derivative of w**2 - 1/12*w**4 + 2/3*w**3 + 0 + 0*w. Determine k(6).
-8
Let h(s) = -11 + 6 + 4*s**2 + 7. Give h(2).
18
Let b(i) = -i + 1. Let y(d) = d**3 - 6*d**2 - 2*d + 9. Suppose 4*o - 23 = -7. Suppose -14 - o = -3*a. Let h be y(a). Give b(h).
4
Let h(n) = 5*n**3 + 2*n + 1. Let g = -19 + 23. Suppose d - 3 